{"id":98,"date":"2020-04-27T22:55:29","date_gmt":"2020-04-27T22:55:29","guid":{"rendered":"https:\/\/tudurazno.net\/canal6\/?page_id=98"},"modified":"2023-01-19T13:37:56","modified_gmt":"2023-01-19T13:37:56","slug":"videos","status":"publish","type":"page","link":"https:\/\/tudurazno.net\/canal6\/videos\/","title":{"rendered":"Videos"},"content":{"rendered":"\t\t<div data-elementor-type=\"wp-page\" data-elementor-id=\"98\" class=\"elementor elementor-98\">\n\t\t\t\t\t\t<section class=\"elementor-section elementor-top-section elementor-element elementor-element-538edb2 elementor-section-boxed elementor-section-height-default elementor-section-height-default\" data-id=\"538edb2\" data-element_type=\"section\" data-e-type=\"section\">\n\t\t\t\t\t\t<div class=\"elementor-container elementor-column-gap-default\">\n\t\t\t\t\t<div class=\"elementor-column elementor-col-100 elementor-top-column elementor-element elementor-element-63bb929\" data-id=\"63bb929\" data-element_type=\"column\" data-e-type=\"column\">\n\t\t\t<div class=\"elementor-widget-wrap elementor-element-populated\">\n\t\t\t\t\t\t<div class=\"elementor-element elementor-element-b32cbd0 elementor-widget elementor-widget-heading\" data-id=\"b32cbd0\" data-element_type=\"widget\" data-e-type=\"widget\" data-widget_type=\"heading.default\">\n\t\t\t\t<div class=\"elementor-widget-container\">\n\t\t\t\t\t<h2 class=\"elementor-heading-title elementor-size-default\">Nuestros videos<\/h2>\t\t\t\t<\/div>\n\t\t\t\t<\/div>\n\t\t\t\t<div class=\"elementor-element elementor-element-ba8742d elementor-widget elementor-widget-text-editor\" data-id=\"ba8742d\" data-element_type=\"widget\" data-e-type=\"widget\" data-widget_type=\"text-editor.default\">\n\t\t\t\t<div class=\"elementor-widget-container\">\n\t\t\t\t\t\t\t\t\t<h5 style=\"text-align: center;\"><span style=\"color: #000000;\">Videos de nuestro canal en YouTube<\/span><\/h5>\t\t\t\t\t\t\t\t<\/div>\n\t\t\t\t<\/div>\n\t\t\t\t<div class=\"elementor-element elementor-element-02d8709 elementor-widget elementor-widget-text-editor\" data-id=\"02d8709\" data-element_type=\"widget\" data-e-type=\"widget\" data-widget_type=\"text-editor.default\">\n\t\t\t\t<div class=\"elementor-widget-container\">\n\t\t\t\t\t\t\t\t\t<p style=\"text-align: center;\"><strong><span style=\"text-decoration: underline; color: #0000ff;\"><a style=\"color: #0000ff;\" href=\"https:\/\/www.youtube.com\/user\/Zebracanal6\/\" target=\"_blank\" rel=\"noopener\">Acceder a nuestro canal en Youtube para ver todos nuestros videos<\/a><\/span><\/strong><\/p>\t\t\t\t\t\t\t\t<\/div>\n\t\t\t\t<\/div>\n\t\t\t\t\t<\/div>\n\t\t<\/div>\n\t\t\t\t\t<\/div>\n\t\t<\/section>\n\t\t\t\t<section class=\"elementor-section elementor-top-section elementor-element elementor-element-d764f04 elementor-section-boxed elementor-section-height-default elementor-section-height-default\" data-id=\"d764f04\" data-element_type=\"section\" data-e-type=\"section\">\n\t\t\t\t\t\t<div class=\"elementor-container elementor-column-gap-default\">\n\t\t\t\t\t<div class=\"elementor-column elementor-col-100 elementor-top-column elementor-element elementor-element-164c9e0\" data-id=\"164c9e0\" data-element_type=\"column\" data-e-type=\"column\">\n\t\t\t<div class=\"elementor-widget-wrap elementor-element-populated\">\n\t\t\t\t\t\t<div class=\"elementor-element elementor-element-0fe3599 elementor-widget elementor-widget-shortcode\" data-id=\"0fe3599\" data-element_type=\"widget\" data-e-type=\"widget\" data-widget_type=\"shortcode.default\">\n\t\t\t\t<div class=\"elementor-widget-container\">\n\t\t\t\t\t\t\t<div class=\"elementor-shortcode\"><div class=\"yrc-shell-cover \" data-yrc-uid=\"69f5054ca5e13\" data-yrc-channel=\"{&quot;meta&quot;:{&quot;user&quot;:&quot;Zebracanal6&quot;,&quot;channel&quot;:&quot;UCVhdmPg23Dfv0Qf-w4VbzTQ&quot;,&quot;key&quot;:&quot;yrc_1526773889&quot;,&quot;apikey&quot;:&quot;AIzaSyAXbIJ_1jieEQzODgRtS1VPD6Xr23n6M9k&quot;,&quot;cache&quot;:&quot;180&quot;,&quot;channel_uploads&quot;:&quot;UUVhdmPg23Dfv0Qf-w4VbzTQ&quot;,&quot;onlyonce&quot;:&quot;&quot;,&quot;tag&quot;:&quot;&quot;,&quot;per_page&quot;:&quot;12&quot;,&quot;maxv&quot;:&quot;500&quot;,&quot;ads&quot;:&quot;1&quot;,&quot;consent&quot;:{&quot;ask&quot;:&quot;&quot;,&quot;url&quot;:&quot;&quot;},&quot;uid&quot;:&quot;69f5054ca5e13&quot;,&quot;nocookie&quot;:&quot;&quot;},&quot;style&quot;:{&quot;colors&quot;:{&quot;item&quot;:{&quot;background&quot;:&quot;inherit&quot;},&quot;button&quot;:{&quot;background&quot;:&quot;#333&quot;,&quot;color&quot;:&quot;#fff&quot;},&quot;color&quot;:{&quot;text&quot;:&quot;#fff&quot;,&quot;link&quot;:&quot;inherit&quot;,&quot;menu&quot;:&quot;#000&quot;,&quot;meta&quot;:&quot;inherit&quot;}},&quot;theme&quot;:{&quot;videos&quot;:{&quot;style&quot;:&quot;__list&quot;,&quot;thumb&quot;:[&quot;small&quot;,&quot;open&quot;],&quot;desc&quot;:&quot;1&quot;,&quot;carousel&quot;:{&quot;thumbs&quot;:&quot;4&quot;,&quot;thumbs_to_slide&quot;:&quot;2&quot;,&quot;spacing&quot;:&quot;20&quot;},&quot;carousel_nav&quot;:{&quot;modifier&quot;:&quot;__sides&quot;,&quot;position&quot;:&quot;left-none&quot;,&quot;location&quot;:&quot;prepend&quot;,&quot;background&quot;:&quot;#fff&quot;,&quot;color&quot;:&quot;#000&quot;,&quot;font_size&quot;:&quot;2&quot;,&quot;border_radius&quot;:&quot;0&quot;}},&quot;a&quot;:&quot;1&quot;},&quot;fit&quot;:&quot;false&quot;,&quot;playlists&quot;:&quot;&quot;,&quot;uploads&quot;:&quot;true&quot;,&quot;player_mode&quot;:&quot;1&quot;,&quot;truncate&quot;:&quot;1&quot;,&quot;banner&quot;:&quot;true&quot;,&quot;thumb_margin&quot;:&quot;8&quot;,&quot;play_icon&quot;:&quot;all&quot;,&quot;youtube_play_icon&quot;:&quot;1&quot;,&quot;thumb_image_size&quot;:&quot;medium&quot;,&quot;default_tab&quot;:&quot;uploads&quot;,&quot;sticky&quot;:{&quot;enable&quot;:&quot;1&quot;,&quot;width&quot;:&quot;400&quot;,&quot;position&quot;:&quot;bottom-right&quot;,&quot;only_above&quot;:&quot;768&quot;,&quot;margin&quot;:&quot;12&quot;},&quot;player&quot;:{&quot;show_desc&quot;:&quot;&quot;,&quot;show_meta&quot;:&quot;&quot;},&quot;menu&quot;:&quot;1&quot;,&quot;rating_style&quot;:&quot;0&quot;,&quot;rtl&quot;:false}}\" data-yrc-setup=\"\"><\/div>\r\n\t\t\t<script data-cfasync=\"false\" type=\"text\/javascript\">\r\n\t\t\t\tif( !window.YRC ) var YRC = {Data:{}};\r\n\t\t\t\tYRC.Data[\"69f5054ca5e13\"] = {\"uploads\":{\"yrc_error\":\"global, forbidden :- Requests from referer https:\\\/\\\/tudurazno.net\\\/canal6 are blocked.\",\"items\":[],\"fetched_at\":1777665356},\"banner\":{\"yrc_error\":\"global, forbidden :- Requests from referer https:\\\/\\\/tudurazno.net\\\/canal6 are blocked.\",\"items\":[],\"fetched_at\":1777665356}};\r\n\t\t\t\t(function(){\r\n\t\t\t\t\tif(!YRC.loaded){\r\n\t\t\t\t\t    YRC.loaded = true;\r\n\t\t\t\t\t\tfunction YRC_Loader(){\r\n\t\t\t\t\t\t\t\/\/YRC.loaded = true;\r\n\t\t\t\t\t\t\tYRC.is_pro = false;\r\n\t\t\t\t\t\t\tYRC.is_pb = false;\r\n\t\t\t\t\t\t\tYRC.lang = {\"form\":{\"Videos\":\"Videos\",\"Playlists\":\"Playlists\",\"Search\":\"Search\",\"Loading\":\"Loading\",\"more\":\"more\",\"Nothing_found\":\"Nothing found\",\"Prev\":\"Previous\",\"Next\":\"Next\",\"consent_statement\":\"Allow cookies?\",\"consent_button\":\"Allow\",\"consent_privacy_policy\":\"Privacy policy\"},\"fui\":{\"sort_by\":\"Sort by\",\"relevant\":\"Relevant\",\"latest\":\"Latest\",\"liked\":\"Liked\",\"title\":\"Title\",\"views\":\"Views\",\"duration\":\"Duration\",\"any\":\"Any\",\"_short\":\"Short\",\"medium\":\"Medium\",\"_long\":\"Long\",\"uploaded\":\"Uploaded\",\"all_time\":\"All time\",\"live_now\":\"Live Now\",\"today\":\"Today\",\"ago\":\"ago\",\"last\":\"Last\",\"day\":\"day\",\"days\":\"days\",\"week\":\"week\",\"weeks\":\"weeks\",\"month\":\"month\",\"months\":\"months\",\"year\":\"year\",\"years\":\"years\",\"older\":\"Older\",\"show_more\":\"Show More\",\"show_less\":\"Show Less\",\"reply\":\"REPLY\",\"view_replies\":\"View replies\",\"write_comment\":\"Write comment...\",\"billion\":\"B\",\"million\":\"M\",\"thousand\":\"K\",\"max_plain_number\":1000,\"wplocale\":\"es_ES\"}};\r\n\t\t\t\t\t\t\tYRC.is_admin = false;\r\n\t\t\t\t\t\t\tvar script = document.createElement(\"script\");\r\n\t\t\t\t\t\t\t\tscript.setAttribute(\"data-cfasync\", \"false\");\r\n\t\t\t\t\t\t\t\tscript.setAttribute(\"type\", \"text\/javascript\");\r\n\t\t\t\t\t\t\t\tscript.src = \"https:\/\/tudurazno.net\/canal6\/wp-content\/plugins\/yourchannel\/js\/yrc.js?1.2.9\";\r\n\t\t\t\t\t\t\t\tscript.id = \"yrc-script\";\r\n\t\t\t\t\t\t\t\tdocument.querySelector(\"head\").appendChild(script);\r\n\t\t\t\t\t\t\tvar style = document.createElement(\"link\");\r\n\t\t\t\t\t\t\t\tstyle.rel = \"stylesheet\";\r\n\t\t\t\t\t\t\t\tstyle.href = \"https:\/\/tudurazno.net\/canal6\/wp-content\/plugins\/yourchannel\/css\/style.css?1.2.9\";\r\n\t\t\t\t\t\t\t\tstyle.type = \"text\/css\";\r\n\t\t\t\t\t\t\t\tdocument.querySelector(\"head\").appendChild(style);\r\n\t\t\t\t\t\t}\r\n\t\t\t\t\t\tif(window.jQuery){YRC_Loader();}else { var yrctimer2324 = window.setInterval(function(){\r\n\t\t\t\t\t\t\tif(window.jQuery){YRC_Loader(); window.clearInterval(yrctimer2324); }\r\n\t\t\t\t\t\t}, 250);}\r\n\t\t\t\t\t} else {if(YRC.EM)YRC.EM.trigger(\"yrc.newchannel\");}\r\n\t\t\t\t}());<\/script>\t<\/div>\n\t\t\t\t\t\t<\/div>\n\t\t\t\t<\/div>\n\t\t\t\t<div class=\"elementor-element elementor-element-5a63043 elementor-widget elementor-widget-text-editor\" data-id=\"5a63043\" data-element_type=\"widget\" data-e-type=\"widget\" data-widget_type=\"text-editor.default\">\n\t\t\t\t<div class=\"elementor-widget-container\">\n\t\t\t\t\t\t\t\t\t<h3 style=\"text-align: center;\"><strong><span style=\"text-decoration: underline; color: #0000ff;\"><a style=\"color: #0000ff;\" href=\"https:\/\/www.youtube.com\/user\/Zebracanal6\/\" target=\"_blank\" rel=\"noopener\">Acceder a nuestro canal en Youtube para ver todos nuestros videos<\/a><\/span><\/strong><\/h3>\t\t\t\t\t\t\t\t<\/div>\n\t\t\t\t<\/div>\n\t\t\t\t\t<\/div>\n\t\t<\/div>\n\t\t\t\t\t<\/div>\n\t\t<\/section>\n\t\t\t\t<\/div>\n\t\t","protected":false},"excerpt":{"rendered":"<p>Nuestros videos Videos de nuestro canal en YouTube Acceder a nuestro canal en Youtube para ver todos nuestros videos Acceder a nuestro canal en Youtube para ver todos nuestros videos<\/p>\n","protected":false},"author":1,"featured_media":29,"parent":0,"menu_order":0,"comment_status":"closed","ping_status":"closed","template":"","meta":{"footnotes":""},"class_list":["post-98","page","type-page","status-publish","has-post-thumbnail","czr-hentry"],"yoast_head":"<!-- This site is optimized with the Yoast SEO plugin v27.5 - https:\/\/yoast.com\/product\/yoast-seo-wordpress\/ -->\n<title>Videos - Canal 6 Durazno<\/title>\n<meta name=\"description\" content=\"Ver videos de Canal 6 de Y\u00ed Visi\u00f3n TV Cable, en nuestro canal en YouTube. Nuestra web www.Canal6Durazno.com\" \/>\n<meta name=\"robots\" content=\"index, follow, max-snippet:-1, max-image-preview:large, max-video-preview:-1\" \/>\n<link rel=\"canonical\" href=\"https:\/\/tudurazno.net\/canal6\/videos\/\" \/>\n<meta property=\"og:locale\" content=\"es_ES\" \/>\n<meta property=\"og:type\" content=\"article\" \/>\n<meta property=\"og:title\" content=\"Videos - Canal 6 Durazno\" \/>\n<meta property=\"og:description\" content=\"Ver videos de Canal 6 de Y\u00ed Visi\u00f3n TV Cable, en nuestro canal en YouTube. Nuestra web www.Canal6Durazno.com\" \/>\n<meta property=\"og:url\" content=\"https:\/\/tudurazno.net\/canal6\/videos\/\" \/>\n<meta property=\"og:site_name\" content=\"Canal 6 Durazno\" \/>\n<meta property=\"article:modified_time\" content=\"2023-01-19T13:37:56+00:00\" \/>\n<meta property=\"og:image\" content=\"https:\/\/tudurazno.net\/canal6\/wp-content\/uploads\/2018\/05\/IMG-20171110-WA0013.jpg\" \/>\n\t<meta property=\"og:image:width\" content=\"1536\" \/>\n\t<meta property=\"og:image:height\" content=\"1536\" \/>\n\t<meta property=\"og:image:type\" content=\"image\/jpeg\" \/>\n<meta name=\"twitter:card\" content=\"summary_large_image\" \/>\n<meta name=\"twitter:label1\" content=\"Tiempo de lectura\" \/>\n\t<meta name=\"twitter:data1\" content=\"1 minuto\" \/>\n<script type=\"application\/ld+json\" class=\"yoast-schema-graph\">{\"@context\":\"https:\\\/\\\/schema.org\",\"@graph\":[{\"@type\":\"WebPage\",\"@id\":\"https:\\\/\\\/tudurazno.net\\\/canal6\\\/videos\\\/\",\"url\":\"https:\\\/\\\/tudurazno.net\\\/canal6\\\/videos\\\/\",\"name\":\"Videos - Canal 6 Durazno\",\"isPartOf\":{\"@id\":\"https:\\\/\\\/tudurazno.net\\\/canal6\\\/#website\"},\"primaryImageOfPage\":{\"@id\":\"https:\\\/\\\/tudurazno.net\\\/canal6\\\/videos\\\/#primaryimage\"},\"image\":{\"@id\":\"https:\\\/\\\/tudurazno.net\\\/canal6\\\/videos\\\/#primaryimage\"},\"thumbnailUrl\":\"https:\\\/\\\/tudurazno.net\\\/canal6\\\/wp-content\\\/uploads\\\/2018\\\/05\\\/IMG-20171110-WA0013.jpg\",\"datePublished\":\"2020-04-27T22:55:29+00:00\",\"dateModified\":\"2023-01-19T13:37:56+00:00\",\"description\":\"Ver videos de Canal 6 de Y\u00ed Visi\u00f3n TV Cable, en nuestro canal en YouTube. Nuestra web www.Canal6Durazno.com\",\"breadcrumb\":{\"@id\":\"https:\\\/\\\/tudurazno.net\\\/canal6\\\/videos\\\/#breadcrumb\"},\"inLanguage\":\"es\",\"potentialAction\":[{\"@type\":\"ReadAction\",\"target\":[\"https:\\\/\\\/tudurazno.net\\\/canal6\\\/videos\\\/\"]}]},{\"@type\":\"ImageObject\",\"inLanguage\":\"es\",\"@id\":\"https:\\\/\\\/tudurazno.net\\\/canal6\\\/videos\\\/#primaryimage\",\"url\":\"https:\\\/\\\/tudurazno.net\\\/canal6\\\/wp-content\\\/uploads\\\/2018\\\/05\\\/IMG-20171110-WA0013.jpg\",\"contentUrl\":\"https:\\\/\\\/tudurazno.net\\\/canal6\\\/wp-content\\\/uploads\\\/2018\\\/05\\\/IMG-20171110-WA0013.jpg\",\"width\":1536,\"height\":1536},{\"@type\":\"BreadcrumbList\",\"@id\":\"https:\\\/\\\/tudurazno.net\\\/canal6\\\/videos\\\/#breadcrumb\",\"itemListElement\":[{\"@type\":\"ListItem\",\"position\":1,\"name\":\"Portada\",\"item\":\"https:\\\/\\\/tudurazno.net\\\/canal6\\\/\"},{\"@type\":\"ListItem\",\"position\":2,\"name\":\"Videos\"}]},{\"@type\":\"WebSite\",\"@id\":\"https:\\\/\\\/tudurazno.net\\\/canal6\\\/#website\",\"url\":\"https:\\\/\\\/tudurazno.net\\\/canal6\\\/\",\"name\":\"Canal 6 Durazno\",\"description\":\"Canal 6 de Y\u00ed Visi\u00f3n TV Cable - Zebra Televisi\u00f3n\",\"publisher\":{\"@id\":\"https:\\\/\\\/tudurazno.net\\\/canal6\\\/#organization\"},\"potentialAction\":[{\"@type\":\"SearchAction\",\"target\":{\"@type\":\"EntryPoint\",\"urlTemplate\":\"https:\\\/\\\/tudurazno.net\\\/canal6\\\/?s={search_term_string}\"},\"query-input\":{\"@type\":\"PropertyValueSpecification\",\"valueRequired\":true,\"valueName\":\"search_term_string\"}}],\"inLanguage\":\"es\"},{\"@type\":\"Organization\",\"@id\":\"https:\\\/\\\/tudurazno.net\\\/canal6\\\/#organization\",\"name\":\"Canal 6 Durazno - Zebra Televisi\u00f3n\",\"url\":\"https:\\\/\\\/tudurazno.net\\\/canal6\\\/\",\"logo\":{\"@type\":\"ImageObject\",\"inLanguage\":\"es\",\"@id\":\"https:\\\/\\\/tudurazno.net\\\/canal6\\\/#\\\/schema\\\/logo\\\/image\\\/\",\"url\":\"https:\\\/\\\/tudurazno.net\\\/canal6\\\/wp-content\\\/uploads\\\/2018\\\/05\\\/cropped-logo.jpg\",\"contentUrl\":\"https:\\\/\\\/tudurazno.net\\\/canal6\\\/wp-content\\\/uploads\\\/2018\\\/05\\\/cropped-logo.jpg\",\"width\":512,\"height\":512,\"caption\":\"Canal 6 Durazno - Zebra Televisi\u00f3n\"},\"image\":{\"@id\":\"https:\\\/\\\/tudurazno.net\\\/canal6\\\/#\\\/schema\\\/logo\\\/image\\\/\"}}]}<\/script>\n<!-- \/ Yoast SEO plugin. -->","yoast_head_json":{"title":"Videos - Canal 6 Durazno","description":"Ver videos de Canal 6 de Y\u00ed Visi\u00f3n TV Cable, en nuestro canal en YouTube. Nuestra web www.Canal6Durazno.com","robots":{"index":"index","follow":"follow","max-snippet":"max-snippet:-1","max-image-preview":"max-image-preview:large","max-video-preview":"max-video-preview:-1"},"canonical":"https:\/\/tudurazno.net\/canal6\/videos\/","og_locale":"es_ES","og_type":"article","og_title":"Videos - Canal 6 Durazno","og_description":"Ver videos de Canal 6 de Y\u00ed Visi\u00f3n TV Cable, en nuestro canal en YouTube. Nuestra web www.Canal6Durazno.com","og_url":"https:\/\/tudurazno.net\/canal6\/videos\/","og_site_name":"Canal 6 Durazno","article_modified_time":"2023-01-19T13:37:56+00:00","og_image":[{"width":1536,"height":1536,"url":"https:\/\/tudurazno.net\/canal6\/wp-content\/uploads\/2018\/05\/IMG-20171110-WA0013.jpg","type":"image\/jpeg"}],"twitter_card":"summary_large_image","twitter_misc":{"Tiempo de lectura":"1 minuto"},"schema":{"@context":"https:\/\/schema.org","@graph":[{"@type":"WebPage","@id":"https:\/\/tudurazno.net\/canal6\/videos\/","url":"https:\/\/tudurazno.net\/canal6\/videos\/","name":"Videos - Canal 6 Durazno","isPartOf":{"@id":"https:\/\/tudurazno.net\/canal6\/#website"},"primaryImageOfPage":{"@id":"https:\/\/tudurazno.net\/canal6\/videos\/#primaryimage"},"image":{"@id":"https:\/\/tudurazno.net\/canal6\/videos\/#primaryimage"},"thumbnailUrl":"https:\/\/tudurazno.net\/canal6\/wp-content\/uploads\/2018\/05\/IMG-20171110-WA0013.jpg","datePublished":"2020-04-27T22:55:29+00:00","dateModified":"2023-01-19T13:37:56+00:00","description":"Ver videos de Canal 6 de Y\u00ed Visi\u00f3n TV Cable, en nuestro canal en YouTube. Nuestra web www.Canal6Durazno.com","breadcrumb":{"@id":"https:\/\/tudurazno.net\/canal6\/videos\/#breadcrumb"},"inLanguage":"es","potentialAction":[{"@type":"ReadAction","target":["https:\/\/tudurazno.net\/canal6\/videos\/"]}]},{"@type":"ImageObject","inLanguage":"es","@id":"https:\/\/tudurazno.net\/canal6\/videos\/#primaryimage","url":"https:\/\/tudurazno.net\/canal6\/wp-content\/uploads\/2018\/05\/IMG-20171110-WA0013.jpg","contentUrl":"https:\/\/tudurazno.net\/canal6\/wp-content\/uploads\/2018\/05\/IMG-20171110-WA0013.jpg","width":1536,"height":1536},{"@type":"BreadcrumbList","@id":"https:\/\/tudurazno.net\/canal6\/videos\/#breadcrumb","itemListElement":[{"@type":"ListItem","position":1,"name":"Portada","item":"https:\/\/tudurazno.net\/canal6\/"},{"@type":"ListItem","position":2,"name":"Videos"}]},{"@type":"WebSite","@id":"https:\/\/tudurazno.net\/canal6\/#website","url":"https:\/\/tudurazno.net\/canal6\/","name":"Canal 6 Durazno","description":"Canal 6 de Y\u00ed Visi\u00f3n TV Cable - Zebra Televisi\u00f3n","publisher":{"@id":"https:\/\/tudurazno.net\/canal6\/#organization"},"potentialAction":[{"@type":"SearchAction","target":{"@type":"EntryPoint","urlTemplate":"https:\/\/tudurazno.net\/canal6\/?s={search_term_string}"},"query-input":{"@type":"PropertyValueSpecification","valueRequired":true,"valueName":"search_term_string"}}],"inLanguage":"es"},{"@type":"Organization","@id":"https:\/\/tudurazno.net\/canal6\/#organization","name":"Canal 6 Durazno - Zebra Televisi\u00f3n","url":"https:\/\/tudurazno.net\/canal6\/","logo":{"@type":"ImageObject","inLanguage":"es","@id":"https:\/\/tudurazno.net\/canal6\/#\/schema\/logo\/image\/","url":"https:\/\/tudurazno.net\/canal6\/wp-content\/uploads\/2018\/05\/cropped-logo.jpg","contentUrl":"https:\/\/tudurazno.net\/canal6\/wp-content\/uploads\/2018\/05\/cropped-logo.jpg","width":512,"height":512,"caption":"Canal 6 Durazno - Zebra Televisi\u00f3n"},"image":{"@id":"https:\/\/tudurazno.net\/canal6\/#\/schema\/logo\/image\/"}}]}},"_links":{"self":[{"href":"https:\/\/tudurazno.net\/canal6\/wp-json\/wp\/v2\/pages\/98","targetHints":{"allow":["GET"]}}],"collection":[{"href":"https:\/\/tudurazno.net\/canal6\/wp-json\/wp\/v2\/pages"}],"about":[{"href":"https:\/\/tudurazno.net\/canal6\/wp-json\/wp\/v2\/types\/page"}],"author":[{"embeddable":true,"href":"https:\/\/tudurazno.net\/canal6\/wp-json\/wp\/v2\/users\/1"}],"replies":[{"embeddable":true,"href":"https:\/\/tudurazno.net\/canal6\/wp-json\/wp\/v2\/comments?post=98"}],"version-history":[{"count":6,"href":"https:\/\/tudurazno.net\/canal6\/wp-json\/wp\/v2\/pages\/98\/revisions"}],"predecessor-version":[{"id":810,"href":"https:\/\/tudurazno.net\/canal6\/wp-json\/wp\/v2\/pages\/98\/revisions\/810"}],"wp:featuredmedia":[{"embeddable":true,"href":"https:\/\/tudurazno.net\/canal6\/wp-json\/wp\/v2\/media\/29"}],"wp:attachment":[{"href":"https:\/\/tudurazno.net\/canal6\/wp-json\/wp\/v2\/media?parent=98"}],"curies":[{"name":"wp","href":"https:\/\/api.w.org\/{rel}","templated":true}]}}