{"id":51,"date":"2018-05-19T23:12:36","date_gmt":"2018-05-19T23:12:36","guid":{"rendered":"https:\/\/tudurazno.net\/canal6\/?page_id=51"},"modified":"2023-01-19T13:47:55","modified_gmt":"2023-01-19T13:47:55","slug":"contacto","status":"publish","type":"page","link":"https:\/\/tudurazno.net\/canal6\/contacto\/","title":{"rendered":"Contacto"},"content":{"rendered":"\n<div class=\"wpcf7 no-js\" id=\"wpcf7-f6-o1\" lang=\"es-ES\" dir=\"ltr\" data-wpcf7-id=\"6\">\n<div class=\"screen-reader-response\"><p role=\"status\" aria-live=\"polite\" aria-atomic=\"true\"><\/p> <ul><\/ul><\/div>\n<form action=\"\/canal6\/wp-json\/wp\/v2\/pages\/51#wpcf7-f6-o1\" method=\"post\" class=\"wpcf7-form init\" aria-label=\"Formulario de contacto\" novalidate=\"novalidate\" data-status=\"init\">\n<fieldset class=\"hidden-fields-container\"><input type=\"hidden\" name=\"_wpcf7\" value=\"6\" \/><input type=\"hidden\" name=\"_wpcf7_version\" value=\"6.1.5\" \/><input type=\"hidden\" name=\"_wpcf7_locale\" value=\"es_ES\" \/><input type=\"hidden\" name=\"_wpcf7_unit_tag\" value=\"wpcf7-f6-o1\" \/><input type=\"hidden\" name=\"_wpcf7_container_post\" value=\"0\" \/><input type=\"hidden\" name=\"_wpcf7_posted_data_hash\" value=\"\" \/>\n<\/fieldset>\n<p><label> Tu nombre (requerido)<br \/>\n<span class=\"wpcf7-form-control-wrap\" data-name=\"your-name\"><input size=\"40\" maxlength=\"400\" class=\"wpcf7-form-control wpcf7-text wpcf7-validates-as-required\" aria-required=\"true\" aria-invalid=\"false\" value=\"\" type=\"text\" name=\"your-name\" \/><\/span> <\/label>\n<\/p>\n<p><label> Tu correo electr\u00f3nico (requerido)<br \/>\n<span class=\"wpcf7-form-control-wrap\" data-name=\"your-email\"><input size=\"40\" maxlength=\"400\" class=\"wpcf7-form-control wpcf7-email wpcf7-validates-as-required wpcf7-text wpcf7-validates-as-email\" aria-required=\"true\" aria-invalid=\"false\" value=\"\" type=\"email\" name=\"your-email\" \/><\/span> <\/label>\n<\/p>\n<p><label> Asunto<br \/>\n<span class=\"wpcf7-form-control-wrap\" data-name=\"your-subject\"><input size=\"40\" maxlength=\"400\" class=\"wpcf7-form-control wpcf7-text\" aria-invalid=\"false\" value=\"\" type=\"text\" name=\"your-subject\" \/><\/span> <\/label>\n<\/p>\n<p><label> Tu mensaje<br \/>\n<span class=\"wpcf7-form-control-wrap\" data-name=\"your-message\"><textarea cols=\"40\" rows=\"10\" maxlength=\"2000\" class=\"wpcf7-form-control wpcf7-textarea\" aria-invalid=\"false\" name=\"your-message\"><\/textarea><\/span> <\/label>\n<\/p>\n<p><input class=\"wpcf7-form-control wpcf7-submit has-spinner\" type=\"submit\" value=\"Enviar\" \/>\n<\/p><div class=\"wpcf7-response-output\" aria-hidden=\"true\"><\/div>\n<\/form>\n<\/div>\n\n","protected":false},"excerpt":{"rendered":"","protected":false},"author":1,"featured_media":13,"parent":0,"menu_order":0,"comment_status":"closed","ping_status":"closed","template":"","meta":{"footnotes":""},"class_list":["post-51","page","type-page","status-publish","has-post-thumbnail","czr-hentry"],"yoast_head":"<!-- This site is optimized with the Yoast SEO plugin v27.5 - https:\/\/yoast.com\/product\/yoast-seo-wordpress\/ -->\n<title>Contacto - Canal 6 Durazno<\/title>\n<meta name=\"robots\" content=\"index, follow, max-snippet:-1, max-image-preview:large, max-video-preview:-1\" \/>\n<link rel=\"canonical\" href=\"https:\/\/tudurazno.net\/canal6\/contacto\/\" \/>\n<meta property=\"og:locale\" content=\"es_ES\" \/>\n<meta property=\"og:type\" content=\"article\" \/>\n<meta property=\"og:title\" content=\"Contacto - Canal 6 Durazno\" \/>\n<meta property=\"og:url\" content=\"https:\/\/tudurazno.net\/canal6\/contacto\/\" \/>\n<meta property=\"og:site_name\" content=\"Canal 6 Durazno\" \/>\n<meta property=\"article:modified_time\" content=\"2023-01-19T13:47:55+00:00\" \/>\n<meta property=\"og:image\" content=\"https:\/\/tudurazno.net\/canal6\/wp-content\/uploads\/2018\/05\/cropped-logo.jpg\" \/>\n\t<meta property=\"og:image:width\" content=\"512\" \/>\n\t<meta property=\"og:image:height\" content=\"512\" \/>\n\t<meta property=\"og:image:type\" content=\"image\/jpeg\" \/>\n<meta name=\"twitter:card\" content=\"summary_large_image\" \/>\n<meta name=\"twitter:label1\" content=\"Tiempo de lectura\" \/>\n\t<meta name=\"twitter:data1\" content=\"1 minuto\" \/>\n<script type=\"application\/ld+json\" class=\"yoast-schema-graph\">{\"@context\":\"https:\\\/\\\/schema.org\",\"@graph\":[{\"@type\":\"WebPage\",\"@id\":\"https:\\\/\\\/tudurazno.net\\\/canal6\\\/contacto\\\/\",\"url\":\"https:\\\/\\\/tudurazno.net\\\/canal6\\\/contacto\\\/\",\"name\":\"Contacto - Canal 6 Durazno\",\"isPartOf\":{\"@id\":\"https:\\\/\\\/tudurazno.net\\\/canal6\\\/#website\"},\"primaryImageOfPage\":{\"@id\":\"https:\\\/\\\/tudurazno.net\\\/canal6\\\/contacto\\\/#primaryimage\"},\"image\":{\"@id\":\"https:\\\/\\\/tudurazno.net\\\/canal6\\\/contacto\\\/#primaryimage\"},\"thumbnailUrl\":\"https:\\\/\\\/tudurazno.net\\\/canal6\\\/wp-content\\\/uploads\\\/2018\\\/05\\\/cropped-logo.jpg\",\"datePublished\":\"2018-05-19T23:12:36+00:00\",\"dateModified\":\"2023-01-19T13:47:55+00:00\",\"breadcrumb\":{\"@id\":\"https:\\\/\\\/tudurazno.net\\\/canal6\\\/contacto\\\/#breadcrumb\"},\"inLanguage\":\"es\",\"potentialAction\":[{\"@type\":\"ReadAction\",\"target\":[\"https:\\\/\\\/tudurazno.net\\\/canal6\\\/contacto\\\/\"]}]},{\"@type\":\"ImageObject\",\"inLanguage\":\"es\",\"@id\":\"https:\\\/\\\/tudurazno.net\\\/canal6\\\/contacto\\\/#primaryimage\",\"url\":\"https:\\\/\\\/tudurazno.net\\\/canal6\\\/wp-content\\\/uploads\\\/2018\\\/05\\\/cropped-logo.jpg\",\"contentUrl\":\"https:\\\/\\\/tudurazno.net\\\/canal6\\\/wp-content\\\/uploads\\\/2018\\\/05\\\/cropped-logo.jpg\",\"width\":512,\"height\":512},{\"@type\":\"BreadcrumbList\",\"@id\":\"https:\\\/\\\/tudurazno.net\\\/canal6\\\/contacto\\\/#breadcrumb\",\"itemListElement\":[{\"@type\":\"ListItem\",\"position\":1,\"name\":\"Portada\",\"item\":\"https:\\\/\\\/tudurazno.net\\\/canal6\\\/\"},{\"@type\":\"ListItem\",\"position\":2,\"name\":\"Contacto\"}]},{\"@type\":\"WebSite\",\"@id\":\"https:\\\/\\\/tudurazno.net\\\/canal6\\\/#website\",\"url\":\"https:\\\/\\\/tudurazno.net\\\/canal6\\\/\",\"name\":\"Canal 6 Durazno\",\"description\":\"Canal 6 de Y\u00ed Visi\u00f3n TV Cable - Zebra Televisi\u00f3n\",\"publisher\":{\"@id\":\"https:\\\/\\\/tudurazno.net\\\/canal6\\\/#organization\"},\"potentialAction\":[{\"@type\":\"SearchAction\",\"target\":{\"@type\":\"EntryPoint\",\"urlTemplate\":\"https:\\\/\\\/tudurazno.net\\\/canal6\\\/?s={search_term_string}\"},\"query-input\":{\"@type\":\"PropertyValueSpecification\",\"valueRequired\":true,\"valueName\":\"search_term_string\"}}],\"inLanguage\":\"es\"},{\"@type\":\"Organization\",\"@id\":\"https:\\\/\\\/tudurazno.net\\\/canal6\\\/#organization\",\"name\":\"Canal 6 Durazno - Zebra Televisi\u00f3n\",\"url\":\"https:\\\/\\\/tudurazno.net\\\/canal6\\\/\",\"logo\":{\"@type\":\"ImageObject\",\"inLanguage\":\"es\",\"@id\":\"https:\\\/\\\/tudurazno.net\\\/canal6\\\/#\\\/schema\\\/logo\\\/image\\\/\",\"url\":\"https:\\\/\\\/tudurazno.net\\\/canal6\\\/wp-content\\\/uploads\\\/2018\\\/05\\\/cropped-logo.jpg\",\"contentUrl\":\"https:\\\/\\\/tudurazno.net\\\/canal6\\\/wp-content\\\/uploads\\\/2018\\\/05\\\/cropped-logo.jpg\",\"width\":512,\"height\":512,\"caption\":\"Canal 6 Durazno - Zebra Televisi\u00f3n\"},\"image\":{\"@id\":\"https:\\\/\\\/tudurazno.net\\\/canal6\\\/#\\\/schema\\\/logo\\\/image\\\/\"}}]}<\/script>\n<!-- \/ Yoast SEO plugin. -->","yoast_head_json":{"title":"Contacto - Canal 6 Durazno","robots":{"index":"index","follow":"follow","max-snippet":"max-snippet:-1","max-image-preview":"max-image-preview:large","max-video-preview":"max-video-preview:-1"},"canonical":"https:\/\/tudurazno.net\/canal6\/contacto\/","og_locale":"es_ES","og_type":"article","og_title":"Contacto - Canal 6 Durazno","og_url":"https:\/\/tudurazno.net\/canal6\/contacto\/","og_site_name":"Canal 6 Durazno","article_modified_time":"2023-01-19T13:47:55+00:00","og_image":[{"width":512,"height":512,"url":"https:\/\/tudurazno.net\/canal6\/wp-content\/uploads\/2018\/05\/cropped-logo.jpg","type":"image\/jpeg"}],"twitter_card":"summary_large_image","twitter_misc":{"Tiempo de lectura":"1 minuto"},"schema":{"@context":"https:\/\/schema.org","@graph":[{"@type":"WebPage","@id":"https:\/\/tudurazno.net\/canal6\/contacto\/","url":"https:\/\/tudurazno.net\/canal6\/contacto\/","name":"Contacto - Canal 6 Durazno","isPartOf":{"@id":"https:\/\/tudurazno.net\/canal6\/#website"},"primaryImageOfPage":{"@id":"https:\/\/tudurazno.net\/canal6\/contacto\/#primaryimage"},"image":{"@id":"https:\/\/tudurazno.net\/canal6\/contacto\/#primaryimage"},"thumbnailUrl":"https:\/\/tudurazno.net\/canal6\/wp-content\/uploads\/2018\/05\/cropped-logo.jpg","datePublished":"2018-05-19T23:12:36+00:00","dateModified":"2023-01-19T13:47:55+00:00","breadcrumb":{"@id":"https:\/\/tudurazno.net\/canal6\/contacto\/#breadcrumb"},"inLanguage":"es","potentialAction":[{"@type":"ReadAction","target":["https:\/\/tudurazno.net\/canal6\/contacto\/"]}]},{"@type":"ImageObject","inLanguage":"es","@id":"https:\/\/tudurazno.net\/canal6\/contacto\/#primaryimage","url":"https:\/\/tudurazno.net\/canal6\/wp-content\/uploads\/2018\/05\/cropped-logo.jpg","contentUrl":"https:\/\/tudurazno.net\/canal6\/wp-content\/uploads\/2018\/05\/cropped-logo.jpg","width":512,"height":512},{"@type":"BreadcrumbList","@id":"https:\/\/tudurazno.net\/canal6\/contacto\/#breadcrumb","itemListElement":[{"@type":"ListItem","position":1,"name":"Portada","item":"https:\/\/tudurazno.net\/canal6\/"},{"@type":"ListItem","position":2,"name":"Contacto"}]},{"@type":"WebSite","@id":"https:\/\/tudurazno.net\/canal6\/#website","url":"https:\/\/tudurazno.net\/canal6\/","name":"Canal 6 Durazno","description":"Canal 6 de Y\u00ed Visi\u00f3n TV Cable - Zebra Televisi\u00f3n","publisher":{"@id":"https:\/\/tudurazno.net\/canal6\/#organization"},"potentialAction":[{"@type":"SearchAction","target":{"@type":"EntryPoint","urlTemplate":"https:\/\/tudurazno.net\/canal6\/?s={search_term_string}"},"query-input":{"@type":"PropertyValueSpecification","valueRequired":true,"valueName":"search_term_string"}}],"inLanguage":"es"},{"@type":"Organization","@id":"https:\/\/tudurazno.net\/canal6\/#organization","name":"Canal 6 Durazno - Zebra Televisi\u00f3n","url":"https:\/\/tudurazno.net\/canal6\/","logo":{"@type":"ImageObject","inLanguage":"es","@id":"https:\/\/tudurazno.net\/canal6\/#\/schema\/logo\/image\/","url":"https:\/\/tudurazno.net\/canal6\/wp-content\/uploads\/2018\/05\/cropped-logo.jpg","contentUrl":"https:\/\/tudurazno.net\/canal6\/wp-content\/uploads\/2018\/05\/cropped-logo.jpg","width":512,"height":512,"caption":"Canal 6 Durazno - Zebra Televisi\u00f3n"},"image":{"@id":"https:\/\/tudurazno.net\/canal6\/#\/schema\/logo\/image\/"}}]}},"_links":{"self":[{"href":"https:\/\/tudurazno.net\/canal6\/wp-json\/wp\/v2\/pages\/51","targetHints":{"allow":["GET"]}}],"collection":[{"href":"https:\/\/tudurazno.net\/canal6\/wp-json\/wp\/v2\/pages"}],"about":[{"href":"https:\/\/tudurazno.net\/canal6\/wp-json\/wp\/v2\/types\/page"}],"author":[{"embeddable":true,"href":"https:\/\/tudurazno.net\/canal6\/wp-json\/wp\/v2\/users\/1"}],"replies":[{"embeddable":true,"href":"https:\/\/tudurazno.net\/canal6\/wp-json\/wp\/v2\/comments?post=51"}],"version-history":[{"count":2,"href":"https:\/\/tudurazno.net\/canal6\/wp-json\/wp\/v2\/pages\/51\/revisions"}],"predecessor-version":[{"id":815,"href":"https:\/\/tudurazno.net\/canal6\/wp-json\/wp\/v2\/pages\/51\/revisions\/815"}],"wp:featuredmedia":[{"embeddable":true,"href":"https:\/\/tudurazno.net\/canal6\/wp-json\/wp\/v2\/media\/13"}],"wp:attachment":[{"href":"https:\/\/tudurazno.net\/canal6\/wp-json\/wp\/v2\/media?parent=51"}],"curies":[{"name":"wp","href":"https:\/\/api.w.org\/{rel}","templated":true}]}}